{"id":815,"date":"2018-02-08T18:38:52","date_gmt":"2018-02-08T18:38:52","guid":{"rendered":"http:\/\/citylebenstedt.com\/?page_id=815"},"modified":"2022-12-14T12:21:52","modified_gmt":"2022-12-14T12:21:52","slug":"sponsor-werden","status":"publish","type":"page","link":"https:\/\/citylebenstedt.com\/?page_id=815","title":{"rendered":"Sponsor werden"},"content":{"rendered":"<p>[et_pb_section fb_built=&#8220;1&#8243; _builder_version=&#8220;4.16&#8243; global_colors_info=&#8220;{}&#8220;][et_pb_row _builder_version=&#8220;4.16&#8243; background_size=&#8220;initial&#8220; background_position=&#8220;top_left&#8220; background_repeat=&#8220;repeat&#8220; custom_padding=&#8220;64px|0px|0px|0px&#8220; global_colors_info=&#8220;{}&#8220;][et_pb_column type=&#8220;4_4&#8243; _builder_version=&#8220;4.16&#8243; custom_padding=&#8220;|||&#8220; global_colors_info=&#8220;{}&#8220; custom_padding__hover=&#8220;|||&#8220;][et_pb_text _builder_version=&#8220;4.19.2&#8243; hover_enabled=&#8220;0&#8243; global_colors_info=&#8220;{}&#8220; header_font=&#8220;|600|||||||&#8220; sticky_enabled=&#8220;0&#8243;]<\/p>\n<h1>Sponsor werden<\/h1>\n<p><strong>Sie sind noch nicht dabei? Sponsor werden und profitieren!<\/strong><\/p>\n<p>Als Interessengemeinschaft der Gesch\u00e4ftsleute unserer City Lebenstedt verstehen wir uns nicht nur als Sprachrohr gegen\u00fcber Medien, Politik und Verwaltung, sondern auch als vielseitige strategische Marketinggemeinschaft. In Kooperation mit der lokalen Wirtschaftsf\u00f6rderung (WIS) betreiben wir regionales Marketing f\u00fcr den Standort Salzgitter-Lebenstedt, entwickeln, planen und organisieren Events zur Belebung der Innenstadt und setzen uns f\u00fcr eine zukunftsorientierte Weiterentwicklung des Standortes ein.<\/p>\n<p>Helfen Sie uns, die City Lebenstedt mit zahlreichen Aktionen und Veranstaltungen weiterhin als lebendige und attraktive Innenstadt und Treffpunkt f\u00fcr Jung und Alt zu erhalten. Jeder Beitrag erm\u00f6glicht es uns, bew\u00e4hrte Veranstaltungen weiterhin durchzuf\u00fchren und gibt uns den Freiraum neue Ideen umzusetzen.<\/p>\n<p>Profitieren Sie von der regionalen Ausstrahlung unserer Aktivit\u00e4ten und unterst\u00fctzen Sie gleichzeitig unsere Arbeit f\u00fcr eine lebendige City Lebenstedt. Gerne tragen wir Ihren Einsatz nach au\u00dfen und stellen Ihr Logo auf Anzeigen, Flyern, Plakaten und unserer Webseite dar. Auf Wunsch erm\u00f6glichen wir auch individuelle L\u00f6sungen.<\/p>\n<p>Werden Sie Sponsor!<\/p>\n<p>Sprechen Sie uns einfach an:<\/p>\n<p>[\/et_pb_text][\/et_pb_column][\/et_pb_row][\/et_pb_section][et_pb_section fb_built=&#8220;1&#8243; _builder_version=&#8220;4.16&#8243; global_colors_info=&#8220;{}&#8220;][et_pb_row _builder_version=&#8220;4.16&#8243; background_size=&#8220;initial&#8220; background_position=&#8220;top_left&#8220; background_repeat=&#8220;repeat&#8220; custom_padding=&#8220;20px|0px|64px|0px&#8220; global_colors_info=&#8220;{}&#8220; column_structure=&#8220;1_4,1_4,1_4,1_4&#8243;][et_pb_column type=&#8220;1_4&#8243; _builder_version=&#8220;4.16&#8243; custom_padding=&#8220;|||&#8220; global_colors_info=&#8220;{}&#8220; custom_padding__hover=&#8220;|||&#8220;][et_pb_team_member image_url=&#8220;http:\/\/citylebenstedt.com\/wp-content\/uploads\/2018\/01\/neumann1.jpg&#8220; _builder_version=&#8220;4.16&#8243; global_colors_info=&#8220;{}&#8220;]<strong>J\u00fcrgen Neumann<\/strong><br \/>\nTel: 05341 179900<br \/>\n<a href=\"mailto:vorstand@citylebenstedt.com\"><img loading=\"lazy\" decoding=\"async\" class=\"alignnone wp-image-392\" src=\"http:\/\/citylebenstedt.com\/wp-content\/uploads\/2018\/01\/mail1.png\" alt=\"\" width=\"18\" height=\"11\" \/>\u00a0E-Mail schreiben<\/a><br \/>\n[\/et_pb_team_member][\/et_pb_column][et_pb_column type=&#8220;1_4&#8243; _builder_version=&#8220;4.16&#8243; custom_padding=&#8220;|||&#8220; global_colors_info=&#8220;{}&#8220; custom_padding__hover=&#8220;|||&#8220;][\/et_pb_column][et_pb_column type=&#8220;1_4&#8243; _builder_version=&#8220;4.16&#8243; custom_padding=&#8220;|||&#8220; global_colors_info=&#8220;{}&#8220; custom_padding__hover=&#8220;|||&#8220;][\/et_pb_column][et_pb_column type=&#8220;1_4&#8243; _builder_version=&#8220;4.16&#8243; custom_padding=&#8220;|||&#8220; global_colors_info=&#8220;{}&#8220; custom_padding__hover=&#8220;|||&#8220;][\/et_pb_column][\/et_pb_row][\/et_pb_section]<\/p>\n","protected":false},"excerpt":{"rendered":"<p>Sponsor werden Sie sind noch nicht dabei? Sponsor werden und profitieren! Als Interessengemeinschaft der Gesch\u00e4ftsleute unserer City Lebenstedt verstehen wir uns nicht nur als Sprachrohr gegen\u00fcber Medien, Politik und Verwaltung, sondern auch als vielseitige strategische Marketinggemeinschaft. In Kooperation mit der lokalen Wirtschaftsf\u00f6rderung (WIS) betreiben wir regionales Marketing f\u00fcr den Standort Salzgitter-Lebenstedt, entwickeln, planen und organisieren [&hellip;]<\/p>\n","protected":false},"author":1,"featured_media":0,"parent":2,"menu_order":0,"comment_status":"closed","ping_status":"closed","template":"","meta":{"_et_pb_use_builder":"on","_et_pb_old_content":"","_et_gb_content_width":"","footnotes":""},"class_list":["post-815","page","type-page","status-publish","hentry"],"_links":{"self":[{"href":"https:\/\/citylebenstedt.com\/index.php?rest_route=\/wp\/v2\/pages\/815","targetHints":{"allow":["GET"]}}],"collection":[{"href":"https:\/\/citylebenstedt.com\/index.php?rest_route=\/wp\/v2\/pages"}],"about":[{"href":"https:\/\/citylebenstedt.com\/index.php?rest_route=\/wp\/v2\/types\/page"}],"author":[{"embeddable":true,"href":"https:\/\/citylebenstedt.com\/index.php?rest_route=\/wp\/v2\/users\/1"}],"replies":[{"embeddable":true,"href":"https:\/\/citylebenstedt.com\/index.php?rest_route=%2Fwp%2Fv2%2Fcomments&post=815"}],"version-history":[{"count":4,"href":"https:\/\/citylebenstedt.com\/index.php?rest_route=\/wp\/v2\/pages\/815\/revisions"}],"predecessor-version":[{"id":1626,"href":"https:\/\/citylebenstedt.com\/index.php?rest_route=\/wp\/v2\/pages\/815\/revisions\/1626"}],"up":[{"embeddable":true,"href":"https:\/\/citylebenstedt.com\/index.php?rest_route=\/wp\/v2\/pages\/2"}],"wp:attachment":[{"href":"https:\/\/citylebenstedt.com\/index.php?rest_route=%2Fwp%2Fv2%2Fmedia&parent=815"}],"curies":[{"name":"wp","href":"https:\/\/api.w.org\/{rel}","templated":true}]}}